{"id":2481,"date":"2025-07-03T21:04:09","date_gmt":"2025-07-03T19:04:09","guid":{"rendered":"https:\/\/kaminskinauka.pl\/?page_id=2481"},"modified":"2025-09-23T19:14:00","modified_gmt":"2025-09-23T17:14:00","slug":"be","status":"publish","type":"page","link":"https:\/\/kaminskinauka.pl\/index.php\/be\/","title":{"rendered":"Kategoria B + E"},"content":{"rendered":"\t\t<div data-elementor-type=\"wp-page\" data-elementor-id=\"2481\" class=\"elementor elementor-2481\">\n\t\t\t\t<div class=\"elementor-element elementor-element-e36c090 service-details e-flex e-con-boxed e-con e-parent\" data-id=\"e36c090\" data-element_type=\"container\" data-e-type=\"container\">\n\t\t\t\t\t<div class=\"e-con-inner\">\n\t\t<div class=\"elementor-element elementor-element-ef88cfb e-con-full e-flex e-con e-child\" data-id=\"ef88cfb\" data-element_type=\"container\" data-e-type=\"container\">\n\t\t\t\t<div class=\"elementor-element elementor-element-fa58184 elementor-widget elementor-widget-sidebar-nav\" data-id=\"fa58184\" data-element_type=\"widget\" data-e-type=\"widget\" data-widget_type=\"sidebar-nav.default\">\n\t\t\t\t<div class=\"elementor-widget-container\">\n\t\t\t\t\t    <div class=\"service-sidebar__single  wow fadeInUp\" data-wow-delay='500ms'>\r\n        <h3 class=\"service-sidebar__title background-black-2\">KATEGORIE<\/h3>                    <div class=\"menu-service-menu-container\"><ul id=\"menu-service-menu\" class=\"list-unstyled service-sidebar__nav ml-0\"><li id=\"menu-item-2392\" class=\"menu-item menu-item-type-post_type menu-item-object-page menu-item-2392\"><a href=\"https:\/\/kaminskinauka.pl\/index.php\/am\/\">Kategoria AM<\/a><\/li>\n<li id=\"menu-item-2402\" class=\"menu-item menu-item-type-post_type menu-item-object-page menu-item-2402\"><a href=\"https:\/\/kaminskinauka.pl\/index.php\/a1\/\">Kategoria A1<\/a><\/li>\n<li id=\"menu-item-2474\" class=\"menu-item menu-item-type-post_type menu-item-object-page menu-item-2474\"><a href=\"https:\/\/kaminskinauka.pl\/index.php\/a2\/\">Kategoria A2<\/a><\/li>\n<li id=\"menu-item-2475\" class=\"menu-item menu-item-type-post_type menu-item-object-page menu-item-2475\"><a href=\"https:\/\/kaminskinauka.pl\/index.php\/b\/\">Kategoria B<\/a><\/li>\n<li id=\"menu-item-2494\" class=\"menu-item menu-item-type-post_type menu-item-object-page menu-item-2494\"><a href=\"https:\/\/kaminskinauka.pl\/index.php\/be\/\">Kategoria B + E<\/a><\/li>\n<li id=\"menu-item-2545\" class=\"menu-item menu-item-type-post_type menu-item-object-page menu-item-2545\"><a href=\"https:\/\/kaminskinauka.pl\/index.php\/c\/\">Kategoria C<\/a><\/li>\n<li id=\"menu-item-2522\" class=\"menu-item menu-item-type-post_type menu-item-object-page menu-item-2522\"><a href=\"https:\/\/kaminskinauka.pl\/index.php\/ce\/\">Kategoria C + E<\/a><\/li>\n<li id=\"menu-item-2523\" class=\"menu-item menu-item-type-post_type menu-item-object-page menu-item-2523\"><a href=\"https:\/\/kaminskinauka.pl\/index.php\/t\/\">Kategoria T<\/a><\/li>\n<li id=\"menu-item-2630\" class=\"menu-item menu-item-type-post_type menu-item-object-page menu-item-2630\"><a href=\"https:\/\/kaminskinauka.pl\/index.php\/learn\/\">Szkolenia Okresowe<\/a><\/li>\n<li id=\"menu-item-2631\" class=\"menu-item menu-item-type-post_type menu-item-object-page menu-item-2631\"><a href=\"https:\/\/kaminskinauka.pl\/index.php\/kwalifikacja\/\">Kwalifikacja wst\u0119pna<\/a><\/li>\n<li id=\"menu-item-2632\" class=\"menu-item menu-item-type-post_type menu-item-object-page menu-item-2632\"><a href=\"https:\/\/kaminskinauka.pl\/index.php\/kwalifikacjap\/\">Kwalifikacja wst\u0119pna przy\u015bpieszona<\/a><\/li>\n<\/ul><\/div>            <\/div><!-- \/.service-sidebar__single -->\r\n\t\t\t\t<\/div>\n\t\t\t\t<\/div>\n\t\t\t\t<div class=\"elementor-element elementor-element-110d9e6 elementor-widget elementor-widget-drivschol-call-to-action\" data-id=\"110d9e6\" data-element_type=\"widget\" data-e-type=\"widget\" data-widget_type=\"drivschol-call-to-action.default\">\n\t\t\t\t<div class=\"elementor-widget-container\">\n\t\t\t\t\t    <!-- Call To Action Two Start -->\r\n    <section class=\"cta-one\">\r\n        <div class=\"cta-one__wrapper\">\r\n            <div class=\"container\">\r\n                <div class=\"row align-items-center\">\r\n                    <div class=\"col-md-7\">\r\n                        <div class=\"cta-one__content wow fadeInUp\" data-wow-delay='200ms'>\r\n                            <h3 class=\"cta-one__title\">Zarezerwuj sw\u00f3j kurs jeszcze dzisiaj<\/h3>                            <a href=\"https:\/\/kaminskinauka.pl\/index.php\/contact\/\"  class=\"drivschol-btn\">\r\n                                <span>Kontakt<\/span>\r\n                            <\/a>\r\n                        <\/div>\r\n                    <\/div>\r\n                    <div class=\"col-md-5\">\r\n                        <div class=\"cta-one__thumb\">\r\n                            <div class=\"cta-one__thumb__one wow fadeInUp\" data-wow-delay=\"300ms\">\r\n                                <div class=\"cta-one__thumb__one__thumb\">\r\n                                    <img decoding=\"async\" src=\"https:\/\/kaminskinauka.pl\/wp-content\/uploads\/2023\/12\/cta-car.png\" alt=\"cta-car\" title=\"cta-car\" >                                <\/div>\r\n                            <\/div><!-- \/.cta-thumb-one -->\r\n                        <\/div>\r\n                    <\/div>\r\n                <\/div>\r\n            <\/div><!-- \/.container -->\r\n            <div class=\"cta-one__element\">\r\n                <img decoding=\"async\" src=\"https:\/\/kaminskinauka.pl\/wp-content\/uploads\/2023\/12\/cta-bg-1-1-1.png\" alt=\"cta-bg-1-1\" title=\"cta-bg-1-1\" >            <\/div><!-- \/.cta-one__element -->\r\n        <\/div>\r\n    <\/section><!-- \/.cta-one -->\r\n    <!-- Call To Action Two End -->\r\n\t\t\t\t<\/div>\n\t\t\t\t<\/div>\n\t\t\t\t<\/div>\n\t\t<div class=\"elementor-element elementor-element-2ea42c4 e-con-full service-details__content e-flex e-con e-child\" data-id=\"2ea42c4\" data-element_type=\"container\" data-e-type=\"container\">\n\t\t\t\t<div class=\"elementor-element elementor-element-61a9e79 elementor-widget elementor-widget-image\" data-id=\"61a9e79\" data-element_type=\"widget\" data-e-type=\"widget\" data-widget_type=\"image.default\">\n\t\t\t\t<div class=\"elementor-widget-container\">\n\t\t\t\t\t\t\t\t\t\t\t\t\t\t\t<img fetchpriority=\"high\" decoding=\"async\" width=\"1536\" height=\"1024\" src=\"https:\/\/kaminskinauka.pl\/wp-content\/uploads\/2025\/07\/be.png\" class=\"attachment-full size-full wp-image-2578\" alt=\"\" srcset=\"https:\/\/kaminskinauka.pl\/wp-content\/uploads\/2025\/07\/be.png 1536w, https:\/\/kaminskinauka.pl\/wp-content\/uploads\/2025\/07\/be-300x200.png 300w, https:\/\/kaminskinauka.pl\/wp-content\/uploads\/2025\/07\/be-1024x683.png 1024w, https:\/\/kaminskinauka.pl\/wp-content\/uploads\/2025\/07\/be-768x512.png 768w, https:\/\/kaminskinauka.pl\/wp-content\/uploads\/2025\/07\/be-570x380.png 570w\" sizes=\"(max-width: 1536px) 100vw, 1536px\" \/>\t\t\t\t\t\t\t\t\t\t\t\t\t\t\t<\/div>\n\t\t\t\t<\/div>\n\t\t\t\t<div class=\"elementor-element elementor-element-28fec18 elementor-widget elementor-widget-image\" data-id=\"28fec18\" data-element_type=\"widget\" data-e-type=\"widget\" data-widget_type=\"image.default\">\n\t\t\t\t<div class=\"elementor-widget-container\">\n\t\t\t\t\t\t\t\t\t\t\t\t\t\t\t<img decoding=\"async\" width=\"620\" height=\"867\" src=\"https:\/\/kaminskinauka.pl\/wp-content\/uploads\/2025\/07\/Zrzut-ekranu-2025-07-04-172151.png\" class=\"attachment-full size-full wp-image-2507\" alt=\"\" srcset=\"https:\/\/kaminskinauka.pl\/wp-content\/uploads\/2025\/07\/Zrzut-ekranu-2025-07-04-172151.png 620w, https:\/\/kaminskinauka.pl\/wp-content\/uploads\/2025\/07\/Zrzut-ekranu-2025-07-04-172151-215x300.png 215w, https:\/\/kaminskinauka.pl\/wp-content\/uploads\/2025\/07\/Zrzut-ekranu-2025-07-04-172151-570x797.png 570w\" sizes=\"(max-width: 620px) 100vw, 620px\" \/>\t\t\t\t\t\t\t\t\t\t\t\t\t\t\t<\/div>\n\t\t\t\t<\/div>\n\t\t\t\t<div class=\"elementor-element elementor-element-f0b20fe elementor-widget elementor-widget-heading\" data-id=\"f0b20fe\" data-element_type=\"widget\" data-e-type=\"widget\" data-widget_type=\"heading.default\">\n\t\t\t\t<div class=\"elementor-widget-container\">\n\t\t\t\t\t<h3 class=\"elementor-heading-title elementor-size-default\">PRAWO JAZDY KATEGORII B + E<\/h3>\t\t\t\t<\/div>\n\t\t\t\t<\/div>\n\t\t\t\t<div class=\"elementor-element elementor-element-dc763b5 elementor-widget elementor-widget-text-editor\" data-id=\"dc763b5\" data-element_type=\"widget\" data-e-type=\"widget\" data-widget_type=\"text-editor.default\">\n\t\t\t\t<div class=\"elementor-widget-container\">\n\t\t\t\t\t\t\t\t\t<p style=\"text-align: center;\" data-start=\"0\" data-end=\"53\"><strong data-start=\"0\" data-end=\"29\">Prawo jazdy kategorii B+E<\/strong> uprawnia do kierowania:<\/p><hr data-start=\"55\" data-end=\"58\" \/><h3 style=\"text-align: center;\" data-start=\"60\" data-end=\"106\">\u2705 <strong data-start=\"66\" data-end=\"106\">Zestawem pojazd\u00f3w sk\u0142adaj\u0105cym si\u0119 z:<\/strong><\/h3><ul style=\"text-align: center;\" data-start=\"108\" data-end=\"494\"><li data-start=\"108\" data-end=\"184\"><p data-start=\"110\" data-end=\"184\"><strong data-start=\"110\" data-end=\"145\">pojazdu silnikowego kategorii B<\/strong> (np. samoch\u00f3d osobowy do 3,5 t DMC),<\/p><\/li><li data-start=\"185\" data-end=\"494\"><p data-start=\"187\" data-end=\"206\"><strong data-start=\"187\" data-end=\"206\">oraz przyczepy:<\/strong><\/p><ul data-start=\"209\" data-end=\"494\"><li data-start=\"209\" data-end=\"260\"><p data-start=\"211\" data-end=\"260\"><strong data-start=\"211\" data-end=\"223\">ci\u0119\u017ckiej<\/strong>, kt\u00f3rej <strong data-start=\"232\" data-end=\"257\">DMC przekracza 750 kg<\/strong>,<\/p><\/li><li data-start=\"263\" data-end=\"360\"><p data-start=\"265\" data-end=\"360\">ale <strong data-start=\"269\" data-end=\"308\">\u0142\u0105czna DMC zestawu przekracza 3,5 t<\/strong> (czyli wi\u0119cej ni\u017c pozwala samo prawo jazdy kat. B),<\/p><\/li><li data-start=\"363\" data-end=\"494\"><p data-start=\"365\" data-end=\"494\"><strong data-start=\"365\" data-end=\"395\">i nie przekracza 7 ton DMC<\/strong> (wed\u0142ug nowych przepis\u00f3w \u2013 wcze\u015bniej by\u0142o wi\u0119cej, ale dzi\u015b obowi\u0105zuje limit 7 t DMC dla kat. B+E).<\/p><\/li><\/ul><\/li><\/ul><hr data-start=\"496\" data-end=\"499\" \/><h3 style=\"text-align: center;\" data-start=\"501\" data-end=\"535\">\ud83d\udccc <strong data-start=\"508\" data-end=\"535\">Przyk\u0142ady zastosowania:<\/strong><\/h3><ul style=\"text-align: center;\" data-start=\"537\" data-end=\"646\"><li data-start=\"537\" data-end=\"581\"><p data-start=\"539\" data-end=\"581\">samoch\u00f3d osobowy z przyczep\u0105 kempingow\u0105,<\/p><\/li><li data-start=\"582\" data-end=\"599\"><p data-start=\"584\" data-end=\"599\">bus z lawet\u0105,<\/p><\/li><li data-start=\"600\" data-end=\"646\"><p data-start=\"602\" data-end=\"646\">samoch\u00f3d dostawczy z przyczep\u0105 transportow\u0105.<\/p><\/li><\/ul><hr data-start=\"648\" data-end=\"651\" \/><h3 style=\"text-align: center;\" data-start=\"653\" data-end=\"668\">\u2757Wymagania:<\/h3><ul data-start=\"670\" data-end=\"915\"><li style=\"text-align: center;\" data-start=\"670\" data-end=\"708\"><p data-start=\"672\" data-end=\"708\"><strong data-start=\"672\" data-end=\"705\">posiadanie prawa jazdy kat. B<\/strong>,<\/p><\/li><li style=\"text-align: center;\" data-start=\"709\" data-end=\"741\"><p data-start=\"711\" data-end=\"741\"><strong data-start=\"711\" data-end=\"738\">uko\u0144czony 18. rok \u017cycia<\/strong>,<\/p><\/li><li style=\"text-align: center;\" data-start=\"742\" data-end=\"768\"><p data-start=\"744\" data-end=\"768\"><strong data-start=\"744\" data-end=\"765\">badania lekarskie<\/strong>,<\/p><\/li><li style=\"text-align: center;\" data-start=\"769\" data-end=\"816\"><p data-start=\"771\" data-end=\"816\"><strong data-start=\"771\" data-end=\"791\">uko\u0144czenie kursu<\/strong> (obecnie obowi\u0105zkowy),<\/p><\/li><li data-start=\"817\" data-end=\"915\"><p style=\"text-align: center;\" data-start=\"819\" data-end=\"915\"><strong data-start=\"819\" data-end=\"851\">zdanie egzaminu praktycznego<\/strong> (egzamin teoretyczny nie jest wymagany, je\u015bli masz ju\u017c kat. B).<\/p><\/li><\/ul>\t\t\t\t\t\t\t\t<\/div>\n\t\t\t\t<\/div>\n\t\t\t\t<div class=\"elementor-element elementor-element-2c203f9 elementor-widget elementor-widget-image\" data-id=\"2c203f9\" data-element_type=\"widget\" data-e-type=\"widget\" data-widget_type=\"image.default\">\n\t\t\t\t<div class=\"elementor-widget-container\">\n\t\t\t\t\t\t\t\t\t\t\t\t\t\t\t<img decoding=\"async\" width=\"1536\" height=\"1024\" src=\"https:\/\/kaminskinauka.pl\/wp-content\/uploads\/2025\/07\/ChatGPT-Image-4-lip-2025-14_12_52.png\" class=\"attachment-full size-full wp-image-2498\" alt=\"\" srcset=\"https:\/\/kaminskinauka.pl\/wp-content\/uploads\/2025\/07\/ChatGPT-Image-4-lip-2025-14_12_52.png 1536w, https:\/\/kaminskinauka.pl\/wp-content\/uploads\/2025\/07\/ChatGPT-Image-4-lip-2025-14_12_52-300x200.png 300w, https:\/\/kaminskinauka.pl\/wp-content\/uploads\/2025\/07\/ChatGPT-Image-4-lip-2025-14_12_52-1024x683.png 1024w, https:\/\/kaminskinauka.pl\/wp-content\/uploads\/2025\/07\/ChatGPT-Image-4-lip-2025-14_12_52-768x512.png 768w, https:\/\/kaminskinauka.pl\/wp-content\/uploads\/2025\/07\/ChatGPT-Image-4-lip-2025-14_12_52-570x380.png 570w\" sizes=\"(max-width: 1536px) 100vw, 1536px\" \/>\t\t\t\t\t\t\t\t\t\t\t\t\t\t\t<\/div>\n\t\t\t\t<\/div>\n\t\t<div class=\"elementor-element elementor-element-9516e27 e-con-full e-flex e-con e-child\" data-id=\"9516e27\" data-element_type=\"container\" data-e-type=\"container\">\n\t\t\t\t<\/div>\n\t\t\t\t<\/div>\n\t\t\t\t\t<\/div>\n\t\t\t\t<\/div>\n\t\t\t\t<\/div>\n\t\t","protected":false},"excerpt":{"rendered":"<p>KATEGORIE Kategoria AM Kategoria A1 Kategoria A2 Kategoria B Kategoria B + E Kategoria C Zarezerwuj sw\u00f3j kurs jeszcze dzisiaj Kontakt PRAWO JAZDY KATEGORII AM Prawo jazdy kategorii AM\u00a0uprawnia do kierowania motorowerem i lekkim czteroko\u0142owcem.\u00a0Oznacza to, \u017ce posiadacz tej kategorii mo\u017ce prowadzi\u0107 pojazdy, kt\u00f3re charakteryzuj\u0105 si\u0119 okre\u015blon\u0105 specyfikacj\u0105 techniczn\u0105 (np. pojemno\u015b\u0107 silnika spalinowego do 50 [&hellip;]<\/p>\n","protected":false},"author":1,"featured_media":0,"parent":0,"menu_order":0,"comment_status":"closed","ping_status":"closed","template":"elementor_header_footer","meta":{"footnotes":""},"class_list":["post-2481","page","type-page","status-publish","hentry"],"yoast_head":"<!-- This site is optimized with the Yoast SEO plugin v27.4 - https:\/\/yoast.com\/product\/yoast-seo-wordpress\/ -->\n<title>Kategoria B + E - Nauka Jazdy Krzysztof Kami\u0144ski<\/title>\n<meta name=\"description\" content=\"prawo jazdy strzegom\" \/>\n<meta name=\"robots\" content=\"index, follow, max-snippet:-1, max-image-preview:large, max-video-preview:-1\" \/>\n<link rel=\"canonical\" href=\"http:\/\/kaminskinauka.pl\/index.php\/be\/\" \/>\n<meta property=\"og:locale\" content=\"pl_PL\" \/>\n<meta property=\"og:type\" content=\"article\" \/>\n<meta property=\"og:title\" content=\"Kategoria B + E - Nauka Jazdy Krzysztof Kami\u0144ski\" \/>\n<meta property=\"og:description\" content=\"prawo jazdy strzegom\" \/>\n<meta property=\"og:url\" content=\"http:\/\/kaminskinauka.pl\/index.php\/be\/\" \/>\n<meta property=\"og:site_name\" content=\"Nauka Jazdy Krzysztof Kami\u0144ski\" \/>\n<meta property=\"article:publisher\" content=\"https:\/\/www.facebook.com\/OSKKaminski\/\" \/>\n<meta property=\"article:modified_time\" content=\"2025-09-23T17:14:00+00:00\" \/>\n<meta property=\"og:image\" content=\"http:\/\/kaminskinauka.pl\/wp-content\/uploads\/2023\/12\/cta-car.png\" \/>\n<meta name=\"twitter:card\" content=\"summary_large_image\" \/>\n<meta name=\"twitter:label1\" content=\"Szacowany czas czytania\" \/>\n\t<meta name=\"twitter:data1\" content=\"3 minuty\" \/>\n<script type=\"application\/ld+json\" class=\"yoast-schema-graph\">{\"@context\":\"https:\\\/\\\/schema.org\",\"@graph\":[{\"@type\":\"WebPage\",\"@id\":\"http:\\\/\\\/kaminskinauka.pl\\\/index.php\\\/be\\\/\",\"url\":\"http:\\\/\\\/kaminskinauka.pl\\\/index.php\\\/be\\\/\",\"name\":\"Kategoria B + E - Nauka Jazdy Krzysztof Kami\u0144ski\",\"isPartOf\":{\"@id\":\"https:\\\/\\\/kaminskinauka.pl\\\/#website\"},\"primaryImageOfPage\":{\"@id\":\"http:\\\/\\\/kaminskinauka.pl\\\/index.php\\\/be\\\/#primaryimage\"},\"image\":{\"@id\":\"http:\\\/\\\/kaminskinauka.pl\\\/index.php\\\/be\\\/#primaryimage\"},\"thumbnailUrl\":\"http:\\\/\\\/kaminskinauka.pl\\\/wp-content\\\/uploads\\\/2023\\\/12\\\/cta-car.png\",\"datePublished\":\"2025-07-03T19:04:09+00:00\",\"dateModified\":\"2025-09-23T17:14:00+00:00\",\"description\":\"prawo jazdy strzegom\",\"breadcrumb\":{\"@id\":\"http:\\\/\\\/kaminskinauka.pl\\\/index.php\\\/be\\\/#breadcrumb\"},\"inLanguage\":\"pl-PL\",\"potentialAction\":[{\"@type\":\"ReadAction\",\"target\":[\"http:\\\/\\\/kaminskinauka.pl\\\/index.php\\\/be\\\/\"]}]},{\"@type\":\"ImageObject\",\"inLanguage\":\"pl-PL\",\"@id\":\"http:\\\/\\\/kaminskinauka.pl\\\/index.php\\\/be\\\/#primaryimage\",\"url\":\"http:\\\/\\\/kaminskinauka.pl\\\/wp-content\\\/uploads\\\/2023\\\/12\\\/cta-car.png\",\"contentUrl\":\"http:\\\/\\\/kaminskinauka.pl\\\/wp-content\\\/uploads\\\/2023\\\/12\\\/cta-car.png\"},{\"@type\":\"BreadcrumbList\",\"@id\":\"http:\\\/\\\/kaminskinauka.pl\\\/index.php\\\/be\\\/#breadcrumb\",\"itemListElement\":[{\"@type\":\"ListItem\",\"position\":1,\"name\":\"Strona g\u0142\u00f3wna\",\"item\":\"https:\\\/\\\/kaminskinauka.pl\\\/\"},{\"@type\":\"ListItem\",\"position\":2,\"name\":\"Kategoria B + E\"}]},{\"@type\":\"WebSite\",\"@id\":\"https:\\\/\\\/kaminskinauka.pl\\\/#website\",\"url\":\"https:\\\/\\\/kaminskinauka.pl\\\/\",\"name\":\"Nauka Jazdy Krzysztof Kami\u0144ski\",\"description\":\"Szko\u0142a Jazdy Krzysztof Kami\u0144ski\",\"publisher\":{\"@id\":\"https:\\\/\\\/kaminskinauka.pl\\\/#organization\"},\"alternateName\":\"Prawo Jazdy Strzegom\",\"potentialAction\":[{\"@type\":\"SearchAction\",\"target\":{\"@type\":\"EntryPoint\",\"urlTemplate\":\"https:\\\/\\\/kaminskinauka.pl\\\/?s={search_term_string}\"},\"query-input\":{\"@type\":\"PropertyValueSpecification\",\"valueRequired\":true,\"valueName\":\"search_term_string\"}}],\"inLanguage\":\"pl-PL\"},{\"@type\":\"Organization\",\"@id\":\"https:\\\/\\\/kaminskinauka.pl\\\/#organization\",\"name\":\"Szko\u0142a Jazdy Krzysztof Kami\u0144ski\",\"url\":\"https:\\\/\\\/kaminskinauka.pl\\\/\",\"logo\":{\"@type\":\"ImageObject\",\"inLanguage\":\"pl-PL\",\"@id\":\"https:\\\/\\\/kaminskinauka.pl\\\/#\\\/schema\\\/logo\\\/image\\\/\",\"url\":\"https:\\\/\\\/kaminskinauka.pl\\\/wp-content\\\/uploads\\\/2025\\\/06\\\/cropped-cropped-KKSNJ.jpg\",\"contentUrl\":\"https:\\\/\\\/kaminskinauka.pl\\\/wp-content\\\/uploads\\\/2025\\\/06\\\/cropped-cropped-KKSNJ.jpg\",\"width\":512,\"height\":512,\"caption\":\"Szko\u0142a Jazdy Krzysztof Kami\u0144ski\"},\"image\":{\"@id\":\"https:\\\/\\\/kaminskinauka.pl\\\/#\\\/schema\\\/logo\\\/image\\\/\"},\"sameAs\":[\"https:\\\/\\\/www.facebook.com\\\/OSKKaminski\\\/\"]}]}<\/script>\n<!-- \/ Yoast SEO plugin. -->","yoast_head_json":{"title":"Kategoria B + E - Nauka Jazdy Krzysztof Kami\u0144ski","description":"prawo jazdy strzegom","robots":{"index":"index","follow":"follow","max-snippet":"max-snippet:-1","max-image-preview":"max-image-preview:large","max-video-preview":"max-video-preview:-1"},"canonical":"http:\/\/kaminskinauka.pl\/index.php\/be\/","og_locale":"pl_PL","og_type":"article","og_title":"Kategoria B + E - Nauka Jazdy Krzysztof Kami\u0144ski","og_description":"prawo jazdy strzegom","og_url":"http:\/\/kaminskinauka.pl\/index.php\/be\/","og_site_name":"Nauka Jazdy Krzysztof Kami\u0144ski","article_publisher":"https:\/\/www.facebook.com\/OSKKaminski\/","article_modified_time":"2025-09-23T17:14:00+00:00","og_image":[{"url":"http:\/\/kaminskinauka.pl\/wp-content\/uploads\/2023\/12\/cta-car.png","type":"","width":"","height":""}],"twitter_card":"summary_large_image","twitter_misc":{"Szacowany czas czytania":"3 minuty"},"schema":{"@context":"https:\/\/schema.org","@graph":[{"@type":"WebPage","@id":"http:\/\/kaminskinauka.pl\/index.php\/be\/","url":"http:\/\/kaminskinauka.pl\/index.php\/be\/","name":"Kategoria B + E - Nauka Jazdy Krzysztof Kami\u0144ski","isPartOf":{"@id":"https:\/\/kaminskinauka.pl\/#website"},"primaryImageOfPage":{"@id":"http:\/\/kaminskinauka.pl\/index.php\/be\/#primaryimage"},"image":{"@id":"http:\/\/kaminskinauka.pl\/index.php\/be\/#primaryimage"},"thumbnailUrl":"http:\/\/kaminskinauka.pl\/wp-content\/uploads\/2023\/12\/cta-car.png","datePublished":"2025-07-03T19:04:09+00:00","dateModified":"2025-09-23T17:14:00+00:00","description":"prawo jazdy strzegom","breadcrumb":{"@id":"http:\/\/kaminskinauka.pl\/index.php\/be\/#breadcrumb"},"inLanguage":"pl-PL","potentialAction":[{"@type":"ReadAction","target":["http:\/\/kaminskinauka.pl\/index.php\/be\/"]}]},{"@type":"ImageObject","inLanguage":"pl-PL","@id":"http:\/\/kaminskinauka.pl\/index.php\/be\/#primaryimage","url":"http:\/\/kaminskinauka.pl\/wp-content\/uploads\/2023\/12\/cta-car.png","contentUrl":"http:\/\/kaminskinauka.pl\/wp-content\/uploads\/2023\/12\/cta-car.png"},{"@type":"BreadcrumbList","@id":"http:\/\/kaminskinauka.pl\/index.php\/be\/#breadcrumb","itemListElement":[{"@type":"ListItem","position":1,"name":"Strona g\u0142\u00f3wna","item":"https:\/\/kaminskinauka.pl\/"},{"@type":"ListItem","position":2,"name":"Kategoria B + E"}]},{"@type":"WebSite","@id":"https:\/\/kaminskinauka.pl\/#website","url":"https:\/\/kaminskinauka.pl\/","name":"Nauka Jazdy Krzysztof Kami\u0144ski","description":"Szko\u0142a Jazdy Krzysztof Kami\u0144ski","publisher":{"@id":"https:\/\/kaminskinauka.pl\/#organization"},"alternateName":"Prawo Jazdy Strzegom","potentialAction":[{"@type":"SearchAction","target":{"@type":"EntryPoint","urlTemplate":"https:\/\/kaminskinauka.pl\/?s={search_term_string}"},"query-input":{"@type":"PropertyValueSpecification","valueRequired":true,"valueName":"search_term_string"}}],"inLanguage":"pl-PL"},{"@type":"Organization","@id":"https:\/\/kaminskinauka.pl\/#organization","name":"Szko\u0142a Jazdy Krzysztof Kami\u0144ski","url":"https:\/\/kaminskinauka.pl\/","logo":{"@type":"ImageObject","inLanguage":"pl-PL","@id":"https:\/\/kaminskinauka.pl\/#\/schema\/logo\/image\/","url":"https:\/\/kaminskinauka.pl\/wp-content\/uploads\/2025\/06\/cropped-cropped-KKSNJ.jpg","contentUrl":"https:\/\/kaminskinauka.pl\/wp-content\/uploads\/2025\/06\/cropped-cropped-KKSNJ.jpg","width":512,"height":512,"caption":"Szko\u0142a Jazdy Krzysztof Kami\u0144ski"},"image":{"@id":"https:\/\/kaminskinauka.pl\/#\/schema\/logo\/image\/"},"sameAs":["https:\/\/www.facebook.com\/OSKKaminski\/"]}]}},"_links":{"self":[{"href":"https:\/\/kaminskinauka.pl\/index.php\/wp-json\/wp\/v2\/pages\/2481","targetHints":{"allow":["GET"]}}],"collection":[{"href":"https:\/\/kaminskinauka.pl\/index.php\/wp-json\/wp\/v2\/pages"}],"about":[{"href":"https:\/\/kaminskinauka.pl\/index.php\/wp-json\/wp\/v2\/types\/page"}],"author":[{"embeddable":true,"href":"https:\/\/kaminskinauka.pl\/index.php\/wp-json\/wp\/v2\/users\/1"}],"replies":[{"embeddable":true,"href":"https:\/\/kaminskinauka.pl\/index.php\/wp-json\/wp\/v2\/comments?post=2481"}],"version-history":[{"count":13,"href":"https:\/\/kaminskinauka.pl\/index.php\/wp-json\/wp\/v2\/pages\/2481\/revisions"}],"predecessor-version":[{"id":2580,"href":"https:\/\/kaminskinauka.pl\/index.php\/wp-json\/wp\/v2\/pages\/2481\/revisions\/2580"}],"wp:attachment":[{"href":"https:\/\/kaminskinauka.pl\/index.php\/wp-json\/wp\/v2\/media?parent=2481"}],"curies":[{"name":"wp","href":"https:\/\/api.w.org\/{rel}","templated":true}]}}